{"id":748,"date":"2025-08-20T22:07:31","date_gmt":"2025-08-20T21:07:31","guid":{"rendered":"https:\/\/saboresmendoza.com\/barcelona\/?page_id=748"},"modified":"2025-08-21T20:31:13","modified_gmt":"2025-08-21T19:31:13","slug":"publicaciones","status":"publish","type":"page","link":"https:\/\/saboresmendoza.com\/barcelona\/publicaciones\/","title":{"rendered":"Publicaciones"},"content":{"rendered":"\t\t<div data-elementor-type=\"wp-page\" data-elementor-id=\"748\" class=\"elementor elementor-748\">\n\t\t\t\t<div class=\"elementor-element elementor-element-6c853ec e-con-full e-flex e-con e-parent\" data-id=\"6c853ec\" data-element_type=\"container\" data-e-type=\"container\">\n\t\t<div class=\"elementor-element elementor-element-cb9ca68 e-con-full e-flex e-con e-child\" data-id=\"cb9ca68\" data-element_type=\"container\" data-e-type=\"container\" data-settings=\"{&quot;background_background&quot;:&quot;classic&quot;}\">\n\t\t\t\t<div class=\"elementor-element elementor-element-1020c36 elementor-widget elementor-widget-heading\" data-id=\"1020c36\" data-element_type=\"widget\" data-e-type=\"widget\" data-widget_type=\"heading.default\">\n\t\t\t\t\t<h1 class=\"elementor-heading-title elementor-size-default\">Lo \u00daltimo en Gastronom\u00eda en Barcelona<\/h1>\t\t\t\t<\/div>\n\t\t\t\t<div class=\"elementor-element elementor-element-6486857 elementor-widget elementor-widget-text-editor\" data-id=\"6486857\" data-element_type=\"widget\" data-e-type=\"widget\" data-widget_type=\"text-editor.default\">\n\t\t\t\t\t\t\t\t\t<p style=\"text-align: center;\"><strong>Chef Privado, Comida Saludable y Servicios para Empresas<\/strong><\/p>\t\t\t\t\t\t\t\t<\/div>\n\t\t\t\t<\/div>\n\t\t\t\t<\/div>\n\t\t<div class=\"elementor-element elementor-element-3f52144 e-flex e-con-boxed e-con e-parent\" data-id=\"3f52144\" data-element_type=\"container\" data-e-type=\"container\">\n\t\t\t\t\t<div class=\"e-con-inner\">\n\t\t\t\t<div class=\"elementor-element elementor-element-bd4c8fe elementor-widget elementor-widget-heading\" data-id=\"bd4c8fe\" data-element_type=\"widget\" data-e-type=\"widget\" data-widget_type=\"heading.default\">\n\t\t\t\t\t<h1 class=\"elementor-heading-title elementor-size-default\">Descubre experiencias gastron\u00f3micas en Barcelona<\/h1>\t\t\t\t<\/div>\n\t\t\t\t<div class=\"elementor-element elementor-element-1189541 elementor-widget elementor-widget-text-editor\" data-id=\"1189541\" data-element_type=\"widget\" data-e-type=\"widget\" data-widget_type=\"text-editor.default\">\n\t\t\t\t\t\t\t\t\t<p>Desde el lujo de contar con un <strong>chef privado a domicilio<\/strong> hasta soluciones pr\u00e1cticas de <strong>comida sana y deliciosa entregada en 24\/48 horas<\/strong>. En nuestra secci\u00f3n de publicaciones, exploramos c\u00f3mo esta ciudad, famosa por su <strong>cultura vibrante<\/strong> y su <strong>arquitectura impresionante<\/strong>, tambi\u00e9n es un referente en <strong>servicios culinarios personalizados<\/strong>.<\/p>\n<p><!-- \/wp:paragraph --><!-- wp:paragraph --><\/p>\n<p>Aprende <strong>cu\u00e1nto cuesta contratar un chef a domicilio<\/strong>, cu\u00e1les son las ventajas del <strong>meal prep saludable<\/strong>, y c\u00f3mo disfrutar de una <strong>alimentaci\u00f3n integral sin complicaciones<\/strong>. Ya sea que est\u00e9s organizando un evento privado, buscando un catering exclusivo o quieras mejorar tu d\u00eda a d\u00eda con opciones sanas y sabrosas, aqu\u00ed encontrar\u00e1s toda la informaci\u00f3n que necesitas.<\/p>\n<p><!-- \/wp:paragraph --><!-- wp:paragraph --><\/p>\n<p><!-- \/wp:paragraph --><\/p>\t\t\t\t\t\t\t\t<\/div>\n\t\t\t\t<div class=\"elementor-element elementor-element-4eb5acc elementor-widget elementor-widget-shortcode\" data-id=\"4eb5acc\" data-element_type=\"widget\" data-e-type=\"widget\" data-widget_type=\"shortcode.default\">\n\t\t\t\t\t\t\t<div class=\"elementor-shortcode\">\n    <style>\n    .categorias-blog-grid {\n        display: grid;\n        grid-template-columns: 1fr;\n        gap: 30px;\n    }\n\n    @media (min-width: 600px) {\n        .categorias-blog-grid {\n            grid-template-columns: repeat(2, 1fr);\n        }\n    }\n\n    @media (min-width: 900px) {\n        .categorias-blog-grid {\n            grid-template-columns: repeat(4, 1fr);\n        }\n    }\n\n    .categoria-blog-box {\n        text-align: center;\n        font-family: inherit;\n    }\n\n    .categoria-blog-box a {\n        color: inherit;\n        text-decoration: none;\n    }\n\n    .categoria-blog-box img {\n        width: 100%;\n        aspect-ratio: 4\/3;\n        object-fit: cover;\n        margin-bottom: 15px;\n        border-radius: 0;\n    }\n\n    .categoria-blog-box h3 {\n        font-size: 18px;\n        margin: 0 0 10px;\n    }\n\n    .categoria-blog-box p {\n        font-size: 14px;\n        color: #555;\n        margin: 0 0 15px;\n    }\n\n    .btn-minimal {\n        display: inline-block;\n        padding: 8px 20px;\n        border: 2px solid currentColor;\n        font-size: 14px;\n        color: inherit;\n        background: transparent;\n        text-decoration: none;\n        transition: all 0.3s ease;\n    }\n\n    .btn-minimal:hover {\n        background-color: rgba(0, 0, 0, 0.05);\n    }\n    <\/style>\n\n    <div class=\"categorias-blog-grid\">\n                    <div class=\"categoria-blog-box\">\n                <a href=\"https:\/\/saboresmendoza.com\/barcelona\/category\/alimentacion-integral-en-barcelona\/\">\n                                            <img decoding=\"async\" data-src=\"https:\/\/saboresmendoza.com\/barcelona\/wp-content\/uploads\/2025\/08\/la-vuelta-al-mundo-en-7-dias.jpg\" alt=\"Alimentaci\u00f3n Integral en Barcelona\" src=\"data:image\/svg+xml;base64,PHN2ZyB3aWR0aD0iMSIgaGVpZ2h0PSIxIiB4bWxucz0iaHR0cDovL3d3dy53My5vcmcvMjAwMC9zdmciPjwvc3ZnPg==\" class=\"lazyload\" style=\"--smush-placeholder-width: 1000px; --smush-placeholder-aspect-ratio: 1000\/1000;\">\n                                        <h3>Alimentaci\u00f3n Integral en Barcelona<\/h3>\n                <\/a>\n\n                                    <p>Alimentaci\u00f3n Integral en Barcelona: Catering, Meal Prep y Chef Privado. Explora nuestras propuestas de alimentaci\u00f3n integral en Barcelona: catering para...<\/p>\n                \n                <a class=\"btn-minimal\" href=\"https:\/\/saboresmendoza.com\/barcelona\/category\/alimentacion-integral-en-barcelona\/\">Ver m\u00e1s<\/a>\n            <\/div>\n                    <div class=\"categoria-blog-box\">\n                <a href=\"https:\/\/saboresmendoza.com\/barcelona\/category\/chef-privado-en-barcelona\/\">\n                                            <img decoding=\"async\" data-src=\"https:\/\/saboresmendoza.com\/barcelona\/wp-content\/uploads\/2025\/08\/chef-1024x768.webp\" alt=\"Chef Privado en Barcelona\" src=\"data:image\/svg+xml;base64,PHN2ZyB3aWR0aD0iMSIgaGVpZ2h0PSIxIiB4bWxucz0iaHR0cDovL3d3dy53My5vcmcvMjAwMC9zdmciPjwvc3ZnPg==\" class=\"lazyload\" style=\"--smush-placeholder-width: 1024px; --smush-placeholder-aspect-ratio: 1024\/768;\">\n                                        <h3>Chef Privado en Barcelona<\/h3>\n                <\/a>\n\n                                    <p>Chef Privado en Barcelona: Experiencias Gastron\u00f3micas a Medida. Descubre c\u00f3mo un chef privado en Barcelona transforma cenas en casa en...<\/p>\n                \n                <a class=\"btn-minimal\" href=\"https:\/\/saboresmendoza.com\/barcelona\/category\/chef-privado-en-barcelona\/\">Ver m\u00e1s<\/a>\n            <\/div>\n                    <div class=\"categoria-blog-box\">\n                <a href=\"https:\/\/saboresmendoza.com\/barcelona\/category\/meal-prep-barcelona\/\">\n                                            <img decoding=\"async\" data-src=\"https:\/\/saboresmendoza.com\/barcelona\/wp-content\/uploads\/2025\/08\/Meal-Prep-A-Domicilio-en-Barcelona-ES-1-1024x683.jpg\" alt=\"Comida Saludable en Barcelona\" src=\"data:image\/svg+xml;base64,PHN2ZyB3aWR0aD0iMSIgaGVpZ2h0PSIxIiB4bWxucz0iaHR0cDovL3d3dy53My5vcmcvMjAwMC9zdmciPjwvc3ZnPg==\" class=\"lazyload\" style=\"--smush-placeholder-width: 1024px; --smush-placeholder-aspect-ratio: 1024\/683;\">\n                                        <h3>Comida Saludable en Barcelona<\/h3>\n                <\/a>\n\n                                    <p>Comida Saludable a Domicilio en Barcelona: Sabor y Bienestar en Casa. Somos l\u00edderes en comida saludable a domicilio en Barcelona:...<\/p>\n                \n                <a class=\"btn-minimal\" href=\"https:\/\/saboresmendoza.com\/barcelona\/category\/meal-prep-barcelona\/\">Ver m\u00e1s<\/a>\n            <\/div>\n                    <div class=\"categoria-blog-box\">\n                <a href=\"https:\/\/saboresmendoza.com\/barcelona\/category\/servicios-para-empresas\/\">\n                                            <img decoding=\"async\" data-src=\"https:\/\/saboresmendoza.com\/barcelona\/wp-content\/uploads\/2025\/08\/chef-1024x768.webp\" alt=\"Servicios para Empresas\" src=\"data:image\/svg+xml;base64,PHN2ZyB3aWR0aD0iMSIgaGVpZ2h0PSIxIiB4bWxucz0iaHR0cDovL3d3dy53My5vcmcvMjAwMC9zdmciPjwvc3ZnPg==\" class=\"lazyload\" style=\"--smush-placeholder-width: 1024px; --smush-placeholder-aspect-ratio: 1024\/768;\">\n                                        <h3>Servicios para Empresas<\/h3>\n                <\/a>\n\n                                    <p>Servicios de Catering y Meal Prep Corporativo en Barcelona. \u00bfBuscas soluciones gourmet para empresas en Barcelona? Ofrecemos catering corporativo y...<\/p>\n                \n                <a class=\"btn-minimal\" href=\"https:\/\/saboresmendoza.com\/barcelona\/category\/servicios-para-empresas\/\">Ver m\u00e1s<\/a>\n            <\/div>\n            <\/div>\n\n    <\/div>\n\t\t\t\t\t\t<\/div>\n\t\t\t\t\t<\/div>\n\t\t\t\t<\/div>\n\t\t\t\t<\/div>\n\t\t","protected":false},"excerpt":{"rendered":"<p>Lo \u00daltimo en Gastronom\u00eda en Barcelona Chef Privado, Comida Saludable y Servicios para Empresas Descubre experiencias gastron\u00f3micas en Barcelona Desde el lujo de contar con un chef privado a domicilio hasta soluciones pr\u00e1cticas de comida sana y deliciosa entregada en 24\/48 horas. En nuestra secci\u00f3n de publicaciones, exploramos c\u00f3mo esta ciudad, famosa por su cultura&hellip;&nbsp;<\/p>\n","protected":false},"author":1,"featured_media":0,"parent":0,"menu_order":0,"comment_status":"closed","ping_status":"closed","template":"","meta":{"neve_meta_sidebar":"","neve_meta_container":"","neve_meta_enable_content_width":"","neve_meta_content_width":0,"neve_meta_title_alignment":"center","neve_meta_author_avatar":"","neve_post_elements_order":"","neve_meta_disable_header":"","neve_meta_disable_footer":"","neve_meta_disable_title":"on","footnotes":""},"class_list":["post-748","page","type-page","status-publish","hentry"],"_links":{"self":[{"href":"https:\/\/saboresmendoza.com\/barcelona\/wp-json\/wp\/v2\/pages\/748","targetHints":{"allow":["GET"]}}],"collection":[{"href":"https:\/\/saboresmendoza.com\/barcelona\/wp-json\/wp\/v2\/pages"}],"about":[{"href":"https:\/\/saboresmendoza.com\/barcelona\/wp-json\/wp\/v2\/types\/page"}],"author":[{"embeddable":true,"href":"https:\/\/saboresmendoza.com\/barcelona\/wp-json\/wp\/v2\/users\/1"}],"replies":[{"embeddable":true,"href":"https:\/\/saboresmendoza.com\/barcelona\/wp-json\/wp\/v2\/comments?post=748"}],"version-history":[{"count":33,"href":"https:\/\/saboresmendoza.com\/barcelona\/wp-json\/wp\/v2\/pages\/748\/revisions"}],"predecessor-version":[{"id":946,"href":"https:\/\/saboresmendoza.com\/barcelona\/wp-json\/wp\/v2\/pages\/748\/revisions\/946"}],"wp:attachment":[{"href":"https:\/\/saboresmendoza.com\/barcelona\/wp-json\/wp\/v2\/media?parent=748"}],"curies":[{"name":"wp","href":"https:\/\/api.w.org\/{rel}","templated":true}]}}