{"id":286,"date":"2025-08-01T20:49:12","date_gmt":"2025-08-01T20:49:12","guid":{"rendered":"https:\/\/saboresmendoza.com\/barcelona\/?page_id=286"},"modified":"2025-10-09T21:03:17","modified_gmt":"2025-10-10T01:03:17","slug":"catal","status":"publish","type":"page","link":"https:\/\/saboresmendoza.com\/barcelona\/","title":{"rendered":"Sabores Mendoza | Barcelona"},"content":{"rendered":"\t\t<div data-elementor-type=\"wp-page\" data-elementor-id=\"286\" class=\"elementor elementor-286\">\n\t\t\t\t<div class=\"elementor-element elementor-element-0029e1b e-flex e-con-boxed e-con e-parent\" data-id=\"0029e1b\" data-element_type=\"container\" data-e-type=\"container\">\n\t\t\t\t\t<div class=\"e-con-inner\">\n\t\t<div class=\"elementor-element elementor-element-986a9db e-con-full e-flex e-con e-child\" data-id=\"986a9db\" data-element_type=\"container\" data-e-type=\"container\">\n\t\t\t\t<div class=\"elementor-element elementor-element-fbaeeb4 elementor-widget elementor-widget-image\" data-id=\"fbaeeb4\" data-element_type=\"widget\" data-e-type=\"widget\" data-widget_type=\"image.default\">\n\t\t\t\t\t\t\t\t\t\t\t\t\t\t\t<img fetchpriority=\"high\" decoding=\"async\" width=\"800\" height=\"550\" src=\"https:\/\/saboresmendoza.com\/barcelona\/wp-content\/uploads\/2025\/08\/chef_evento_privado_barcelona_es.jpg\" class=\"attachment-full size-full wp-image-219\" alt=\"Chef Privado a Domicilio en Barcelona | Sabores Mendoza\" srcset=\"https:\/\/saboresmendoza.com\/barcelona\/wp-content\/uploads\/2025\/08\/chef_evento_privado_barcelona_es.jpg 800w, https:\/\/saboresmendoza.com\/barcelona\/wp-content\/uploads\/2025\/08\/chef_evento_privado_barcelona_es-600x413.jpg 600w, https:\/\/saboresmendoza.com\/barcelona\/wp-content\/uploads\/2025\/08\/chef_evento_privado_barcelona_es-300x206.jpg 300w, https:\/\/saboresmendoza.com\/barcelona\/wp-content\/uploads\/2025\/08\/chef_evento_privado_barcelona_es-768x528.jpg 768w\" sizes=\"(max-width: 800px) 100vw, 800px\" \/>\t\t\t\t\t\t\t\t\t\t\t\t\t\t\t<\/div>\n\t\t\t\t<\/div>\n\t\t<div class=\"elementor-element elementor-element-78ffd7c e-con-full e-flex e-con e-child\" data-id=\"78ffd7c\" data-element_type=\"container\" data-e-type=\"container\">\n\t\t\t\t<div class=\"elementor-element elementor-element-4c32953 elementor-widget elementor-widget-text-editor\" data-id=\"4c32953\" data-element_type=\"widget\" data-e-type=\"widget\" data-widget_type=\"text-editor.default\">\n\t\t\t\t\t\t\t\t\t<h3>Experiencias Gastron\u00f3micas \u00danicas<\/h3>\t\t\t\t\t\t\t\t<\/div>\n\t\t\t\t<div class=\"elementor-element elementor-element-2cf57b8 elementor-widget elementor-widget-heading\" data-id=\"2cf57b8\" data-element_type=\"widget\" data-e-type=\"widget\" data-widget_type=\"heading.default\">\n\t\t\t\t\t<h1 class=\"elementor-heading-title elementor-size-default\">Chef Privado, Meal Preap y Catering para Eventos<\/h1>\t\t\t\t<\/div>\n\t\t\t\t<div class=\"elementor-element elementor-element-89436a1 elementor-widget elementor-widget-text-editor\" data-id=\"89436a1\" data-element_type=\"widget\" data-e-type=\"widget\" data-widget_type=\"text-editor.default\">\n\t\t\t\t\t\t\t\t\t<p>Disfruta de <strong data-start=\"257\" data-end=\"308\">servicios gastron\u00f3micos exclusivos en Barcelona<\/strong>, dise\u00f1ados a medida para cada ocasi\u00f3n. Contrata un <strong data-start=\"360\" data-end=\"388\">chef privado a domicilio<\/strong>, ideal para <strong data-start=\"401\" data-end=\"419\">cenas privadas<\/strong>, <strong data-start=\"421\" data-end=\"449\">celebraciones especiales<\/strong> o experiencias gourmet en casa. Planifica tu semana con nuestro <strong data-start=\"514\" data-end=\"537\">meal prep saludable<\/strong> con entrega r\u00e1pida o elige nuestro <strong data-start=\"573\" data-end=\"622\">catering para eventos corporativos o sociales<\/strong>. Tambi\u00e9n contamos con <strong data-start=\"645\" data-end=\"663\">chefs de viaje<\/strong>, disponibles bajo reserva. Vive una <strong data-start=\"700\" data-end=\"739\">experiencia culinaria personalizada<\/strong> donde la calidad, el sabor y la hospitalidad marcan la diferencia en cada servicio.<\/p>\t\t\t\t\t\t\t\t<\/div>\n\t\t\t\t<div class=\"elementor-element elementor-element-ad1ca8c elementor-widget elementor-widget-button\" data-id=\"ad1ca8c\" data-element_type=\"widget\" data-e-type=\"widget\" data-widget_type=\"button.default\">\n\t\t\t\t\t\t\t\t\t\t<a class=\"elementor-button elementor-button-link elementor-size-sm\" href=\"https:\/\/saboresmendoza.com\/barcelona\/contacto\/\" target=\"_blank\">\n\t\t\t\t\t\t<span class=\"elementor-button-content-wrapper\">\n\t\t\t\t\t\t\t\t\t<span class=\"elementor-button-text\">Contratar<\/span>\n\t\t\t\t\t<\/span>\n\t\t\t\t\t<\/a>\n\t\t\t\t\t\t\t\t<\/div>\n\t\t\t\t<\/div>\n\t\t\t\t\t<\/div>\n\t\t\t\t<\/div>\n\t\t<div class=\"elementor-element elementor-element-1f95cb5 e-flex e-con-boxed e-con e-parent\" data-id=\"1f95cb5\" data-element_type=\"container\" data-e-type=\"container\">\n\t\t\t\t\t<div class=\"e-con-inner\">\n\t\t\t\t<div class=\"elementor-element elementor-element-bc706cb elementor-widget elementor-widget-shortcode\" data-id=\"bc706cb\" data-element_type=\"widget\" data-e-type=\"widget\" data-widget_type=\"shortcode.default\">\n\t\t\t\t\t\t\t<div class=\"elementor-shortcode\">\n    <style>\n    .categorias-grid {\n        display: grid;\n        grid-template-columns: 1fr;\n        gap: 30px;\n        width: 100%;\n        box-sizing: border-box;\n    }\n\n    @media (min-width: 600px) {\n        .categorias-grid {\n            grid-template-columns: repeat(2, 1fr);\n        }\n    }\n\n    @media (min-width: 900px) {\n        .categorias-grid {\n            grid-template-columns: repeat(4, 1fr);\n        }\n    }\n\n    .categoria-box {\n        text-align: center;\n        font-family: inherit;\n        width: 100%;\n    }\n\n    .categoria-box a {\n        text-decoration: none;\n        color: inherit;\n    }\n\n    .categoria-box img {\n        width: 100%;\n        height: auto;   \n        object-fit: contain;\n        margin-bottom: 15px;\n        display: block;\n    }\n\n    .categoria-box h3 {\n        font-size: 24px;\n        margin: 0 0 10px;\n        transition: color 0.3s ease;\n    }\n\n    .categoria-box h3:hover {\n        color: #555c6a;\n    }\n\n    .categoria-box p.extracto {\n        font-size: 14px;\n        font-weight: 400;\n        color: #272626;\n        margin: 0 0 15px;\n        line-height: 24px;\n    }\n\n    .categoria-box p.precio {\n        font-size: 14px;\n        font-weight: bold;\n        margin-bottom: 20px;\n        color: #333;\n    }\n\n    .btn-minimal {\n        display: inline-block;\n        padding: 8px 20px;\n        border: 2px solid currentColor;\n        font-size: 14px;\n        color: inherit;\n        background: transparent;\n        text-decoration: none;\n        transition: all 0.3s ease;\n    }\n\n    .btn-minimal:hover {\n        background-color: rgba(0, 0, 0, 0.05);\n    }\n    <\/style>\n\n    <div class=\"categorias-grid\">\n                    <div class=\"categoria-box\">\n                                    <a href=\"https:\/\/saboresmendoza.com\/barcelona\/menu\/servicios\/catering-para-eventos-privados\/\">\n                        <img decoding=\"async\" data-src=\"https:\/\/saboresmendoza.com\/barcelona\/wp-content\/uploads\/2025\/08\/barcelona-evento-privado-chef.webp\" alt=\"Evento Privado\" src=\"data:image\/svg+xml;base64,PHN2ZyB3aWR0aD0iMSIgaGVpZ2h0PSIxIiB4bWxucz0iaHR0cDovL3d3dy53My5vcmcvMjAwMC9zdmciPjwvc3ZnPg==\" class=\"lazyload\" style=\"--smush-placeholder-width: 1024px; --smush-placeholder-aspect-ratio: 1024\/1365;\">\n                    <\/a>\n                \n                <a href=\"https:\/\/saboresmendoza.com\/barcelona\/menu\/servicios\/catering-para-eventos-privados\/\">\n                    <h3>Evento Privado<\/h3>\n                <\/a>\n\n                                    <p class=\"extracto\">Organizaci\u00f3n integral de desayunos, almuerzos, brunch, cenas o c\u00f3cteles. Men\u00fas dise\u00f1ados a medida seg\u00fan sus necesidades, garantizando una experiencia gastron\u00f3mica personalizada.<\/p>\n                \n                \n                <a class=\"btn-minimal\" href=\"https:\/\/saboresmendoza.com\/barcelona\/menu\/servicios\/catering-para-eventos-privados\/\">Contratar<\/a>\n            <\/div>\n                    <div class=\"categoria-box\">\n                                    <a href=\"https:\/\/saboresmendoza.com\/barcelona\/menu\/servicios\/chef-privado-a-domicilio\/\">\n                        <img decoding=\"async\" data-src=\"https:\/\/saboresmendoza.com\/barcelona\/wp-content\/uploads\/2025\/10\/chef-a-domicilio-barcelona-1.jpg\" alt=\"Chef a Domicilio\" src=\"data:image\/svg+xml;base64,PHN2ZyB3aWR0aD0iMSIgaGVpZ2h0PSIxIiB4bWxucz0iaHR0cDovL3d3dy53My5vcmcvMjAwMC9zdmciPjwvc3ZnPg==\" class=\"lazyload\" style=\"--smush-placeholder-width: 900px; --smush-placeholder-aspect-ratio: 900\/1200;\">\n                    <\/a>\n                \n                <a href=\"https:\/\/saboresmendoza.com\/barcelona\/menu\/servicios\/chef-privado-a-domicilio\/\">\n                    <h3>Chef a Domicilio<\/h3>\n                <\/a>\n\n                                    <p class=\"extracto\">Experiencias gastron\u00f3micas exclusivas en tu hogar: desde cenas \u00edntimas hasta celebraciones especiales. Me ocupo de todo el proceso, para que solo te dediques a disfrutar.<\/p>\n                \n                \n                <a class=\"btn-minimal\" href=\"https:\/\/saboresmendoza.com\/barcelona\/menu\/servicios\/chef-privado-a-domicilio\/\">Contratar<\/a>\n            <\/div>\n                    <div class=\"categoria-box\">\n                                    <a href=\"https:\/\/saboresmendoza.com\/barcelona\/menu\/servicios\/meal-prep\/\">\n                        <img decoding=\"async\" data-src=\"https:\/\/saboresmendoza.com\/barcelona\/wp-content\/uploads\/2025\/08\/meal.prep_.webp\" alt=\"Meal Prep\" src=\"data:image\/svg+xml;base64,PHN2ZyB3aWR0aD0iMSIgaGVpZ2h0PSIxIiB4bWxucz0iaHR0cDovL3d3dy53My5vcmcvMjAwMC9zdmciPjwvc3ZnPg==\" class=\"lazyload\" style=\"--smush-placeholder-width: 1024px; --smush-placeholder-aspect-ratio: 1024\/1365;\">\n                    <\/a>\n                \n                <a href=\"https:\/\/saboresmendoza.com\/barcelona\/menu\/servicios\/meal-prep\/\">\n                    <h3>Meal Prep<\/h3>\n                <\/a>\n\n                                    <p class=\"extracto\">Planificaci\u00f3n y preparaci\u00f3n de men\u00fas semanales equilibrados, pr\u00e1cticos y deliciosos. Ideal para quienes desean comer rico y saludable sin preocuparse por la cocina diaria.<\/p>\n                \n                \n                <a class=\"btn-minimal\" href=\"https:\/\/saboresmendoza.com\/barcelona\/menu\/servicios\/meal-prep\/\">Contratar<\/a>\n            <\/div>\n                    <div class=\"categoria-box\">\n                                    <a href=\"https:\/\/saboresmendoza.com\/barcelona\/menu\/servicios\/chef-privado-de-viaje\/\">\n                        <img decoding=\"async\" data-src=\"https:\/\/saboresmendoza.com\/barcelona\/wp-content\/uploads\/2025\/08\/foto_chef_.jpg\" alt=\"Chef de Viajes\" src=\"data:image\/svg+xml;base64,PHN2ZyB3aWR0aD0iMSIgaGVpZ2h0PSIxIiB4bWxucz0iaHR0cDovL3d3dy53My5vcmcvMjAwMC9zdmciPjwvc3ZnPg==\" class=\"lazyload\" style=\"--smush-placeholder-width: 900px; --smush-placeholder-aspect-ratio: 900\/1200;\">\n                    <\/a>\n                \n                <a href=\"https:\/\/saboresmendoza.com\/barcelona\/menu\/servicios\/chef-privado-de-viaje\/\">\n                    <h3>Chef de Viajes<\/h3>\n                <\/a>\n\n                                    <p class=\"extracto\">Acompa\u00f1amiento culinario durante tus viajes. Elaboraci\u00f3n de men\u00fas personalizados en cualquier destino. (Consultar calendario y honorarios seg\u00fan disponibilidad).<\/p>\n                \n                \n                <a class=\"btn-minimal\" href=\"https:\/\/saboresmendoza.com\/barcelona\/menu\/servicios\/chef-privado-de-viaje\/\">Contratar<\/a>\n            <\/div>\n            <\/div>\n\n    \n<\/div>\n\t\t\t\t\t\t<\/div>\n\t\t\t\t\t<\/div>\n\t\t\t\t<\/div>\n\t\t<div class=\"elementor-element elementor-element-33e85f5 e-con-full e-flex e-con e-parent\" data-id=\"33e85f5\" data-element_type=\"container\" data-e-type=\"container\">\n\t\t<div class=\"elementor-element elementor-element-3d5dec8 e-con-full e-flex e-con e-child\" data-id=\"3d5dec8\" data-element_type=\"container\" data-e-type=\"container\" data-settings=\"{&quot;background_background&quot;:&quot;classic&quot;}\">\n\t\t\t\t<div class=\"elementor-element elementor-element-f2013f1 elementor-widget elementor-widget-heading\" data-id=\"f2013f1\" data-element_type=\"widget\" data-e-type=\"widget\" data-widget_type=\"heading.default\">\n\t\t\t\t\t<h1 class=\"elementor-heading-title elementor-size-default\">Gastronom\u00eda en Barcelona<\/h1>\t\t\t\t<\/div>\n\t\t\t\t<div class=\"elementor-element elementor-element-773a977 elementor-widget elementor-widget-text-editor\" data-id=\"773a977\" data-element_type=\"widget\" data-e-type=\"widget\" data-widget_type=\"text-editor.default\">\n\t\t\t\t\t\t\t\t\t<p style=\"text-align: center;\"><strong>Explora nuestras publicaciones y transforma tu manera de comer<\/strong><\/p>\t\t\t\t\t\t\t\t<\/div>\n\t\t\t\t<\/div>\n\t\t\t\t<\/div>\n\t\t<div class=\"elementor-element elementor-element-8de4248 e-flex e-con-boxed e-con e-parent\" data-id=\"8de4248\" data-element_type=\"container\" data-e-type=\"container\">\n\t\t\t\t\t<div class=\"e-con-inner\">\n\t\t\t\t<div class=\"elementor-element elementor-element-55585ae elementor-widget elementor-widget-text-editor\" data-id=\"55585ae\" data-element_type=\"widget\" data-e-type=\"widget\" data-widget_type=\"text-editor.default\">\n\t\t\t\t\t\t\t\t\t<p data-start=\"180\" data-end=\"564\">Descubre las mejores <strong>experiencias gastron\u00f3micas en Barcelona<\/strong> a trav\u00e9s de nuestras publicaciones, pensadas para turistas, locales y empresas. Aprende c\u00f3mo contratar un <strong>chef privado a domicilio<\/strong>, disfruta de <strong>comida saludable<\/strong> con entrega en 24\/48\u202fh y encuentra el <strong>servicio gastron\u00f3mico en Barcelona<\/strong> ideal para eventos, reuniones corporativas o el d\u00eda a d\u00eda. Explora tendencias, consejos y <strong>experiencias culinarias personalizadas<\/strong> en una ciudad reconocida por su cultura, sabor y estilo de vida.<\/p>\t\t\t\t\t\t\t\t<\/div>\n\t\t\t\t<div class=\"elementor-element elementor-element-ecc594c elementor-widget elementor-widget-shortcode\" data-id=\"ecc594c\" data-element_type=\"widget\" data-e-type=\"widget\" data-widget_type=\"shortcode.default\">\n\t\t\t\t\t\t\t<div class=\"elementor-shortcode\">\n    <style>\n    .entradas-grid {\n        display: grid;\n        grid-template-columns: 1fr;\n        gap: 30px;\n    }\n\n    @media (min-width: 600px) {\n        .entradas-grid {\n            grid-template-columns: repeat(2, 1fr);\n        }\n    }\n\n    @media (min-width: 900px) {\n        .entradas-grid {\n            grid-template-columns: repeat(4, 1fr);\n        }\n    }\n\n    .entrada-box {\n        text-align: center;\n        font-family: inherit;\n    }\n\n    .entrada-box a {\n        color: inherit;\n        text-decoration: none;\n    }\n\n    .entrada-box img {\n        width: 100%;\n        aspect-ratio: 4\/3;\n        object-fit: cover;\n        margin-bottom: 15px;\n        border-radius: 0;\n    }\n\n    .entrada-box h3 {\n        font-size: 18px;\n        margin: 0 0 10px;\n    }\n\n    .entrada-box p {\n        font-size: 14px;\n        color: #555;\n        margin: 0 0 15px;\n    }\n\n    .btn-minimal {\n        display: inline-block;\n        padding: 8px 20px;\n        border: 2px solid currentColor;\n        font-size: 14px;\n        color: inherit;\n        background: transparent;\n        text-decoration: none;\n        transition: all 0.3s ease;\n    }\n\n    .btn-minimal:hover {\n        background-color: rgba(0, 0, 0, 0.05);\n    }\n    <\/style>\n\n    <div class=\"entradas-grid\">\n                    <div class=\"entrada-box\">\n                <a href=\"https:\/\/saboresmendoza.com\/barcelona\/chef-privado-en-barcelona\/cocina-privada-y-personalizada-en-barcelona\/\">\n                                            <img decoding=\"async\" width=\"1024\" height=\"768\" data-src=\"https:\/\/saboresmendoza.com\/barcelona\/wp-content\/uploads\/2025\/08\/chef-1024x768.webp\" class=\"attachment-large size-large wp-post-image lazyload\" alt=\"\" data-srcset=\"https:\/\/saboresmendoza.com\/barcelona\/wp-content\/uploads\/2025\/08\/chef-1024x768.webp 1024w, https:\/\/saboresmendoza.com\/barcelona\/wp-content\/uploads\/2025\/08\/chef-300x225.webp 300w, https:\/\/saboresmendoza.com\/barcelona\/wp-content\/uploads\/2025\/08\/chef-768x576.webp 768w, https:\/\/saboresmendoza.com\/barcelona\/wp-content\/uploads\/2025\/08\/chef-600x450.webp 600w, https:\/\/saboresmendoza.com\/barcelona\/wp-content\/uploads\/2025\/08\/chef.webp 1365w\" data-sizes=\"(max-width: 1024px) 100vw, 1024px\" src=\"data:image\/svg+xml;base64,PHN2ZyB3aWR0aD0iMSIgaGVpZ2h0PSIxIiB4bWxucz0iaHR0cDovL3d3dy53My5vcmcvMjAwMC9zdmciPjwvc3ZnPg==\" style=\"--smush-placeholder-width: 1024px; --smush-placeholder-aspect-ratio: 1024\/768;\" \/>                                        <h3>Chef Privado en Barcelona, Espa\u00f1a<\/h3>\n                <\/a>\n\n                <p>Barcelona, una ciudad conocida por su vibrante cultura y arquitectura impresionante. Tambi\u00e9n se destaca por ofrecer experiencias culinarias \u00fanicas y...<\/p>\n\n                <a class=\"btn-minimal\" href=\"https:\/\/saboresmendoza.com\/barcelona\/chef-privado-en-barcelona\/cocina-privada-y-personalizada-en-barcelona\/\">Leer m\u00e1s<\/a>\n            <\/div>\n                    <div class=\"entrada-box\">\n                <a href=\"https:\/\/saboresmendoza.com\/barcelona\/meal-prep-barcelona\/tu-comida-sana-en-barcelona\/\">\n                                            <img decoding=\"async\" width=\"1024\" height=\"683\" data-src=\"https:\/\/saboresmendoza.com\/barcelona\/wp-content\/uploads\/2025\/08\/Meal-Prep-A-Domicilio-en-Barcelona-ES-1-1024x683.jpg\" class=\"attachment-large size-large wp-post-image lazyload\" alt=\"\" data-srcset=\"https:\/\/saboresmendoza.com\/barcelona\/wp-content\/uploads\/2025\/08\/Meal-Prep-A-Domicilio-en-Barcelona-ES-1-1024x683.jpg 1024w, https:\/\/saboresmendoza.com\/barcelona\/wp-content\/uploads\/2025\/08\/Meal-Prep-A-Domicilio-en-Barcelona-ES-1-300x200.jpg 300w, https:\/\/saboresmendoza.com\/barcelona\/wp-content\/uploads\/2025\/08\/Meal-Prep-A-Domicilio-en-Barcelona-ES-1-768x512.jpg 768w, https:\/\/saboresmendoza.com\/barcelona\/wp-content\/uploads\/2025\/08\/Meal-Prep-A-Domicilio-en-Barcelona-ES-1-930x620.jpg 930w, https:\/\/saboresmendoza.com\/barcelona\/wp-content\/uploads\/2025\/08\/Meal-Prep-A-Domicilio-en-Barcelona-ES-1-600x400.jpg 600w, https:\/\/saboresmendoza.com\/barcelona\/wp-content\/uploads\/2025\/08\/Meal-Prep-A-Domicilio-en-Barcelona-ES-1-scaled.jpg 1400w\" data-sizes=\"(max-width: 1024px) 100vw, 1024px\" src=\"data:image\/svg+xml;base64,PHN2ZyB3aWR0aD0iMSIgaGVpZ2h0PSIxIiB4bWxucz0iaHR0cDovL3d3dy53My5vcmcvMjAwMC9zdmciPjwvc3ZnPg==\" style=\"--smush-placeholder-width: 1024px; --smush-placeholder-aspect-ratio: 1024\/683;\" \/>                                        <h3>Tu Comida Rica y Sana en Barcelona<\/h3>\n                <\/a>\n\n                <p>Hacemos entregas de comida sana a domicilio en Barcelona. Puedes planificar tus men\u00fas semanales a domicilio en Barcelona y disfrutar...<\/p>\n\n                <a class=\"btn-minimal\" href=\"https:\/\/saboresmendoza.com\/barcelona\/meal-prep-barcelona\/tu-comida-sana-en-barcelona\/\">Leer m\u00e1s<\/a>\n            <\/div>\n                    <div class=\"entrada-box\">\n                <a href=\"https:\/\/saboresmendoza.com\/barcelona\/chef-privado-en-barcelona\/cuanto-cuesta-un-chef-a-domicilio-en-barcelona\/\">\n                                            <img decoding=\"async\" width=\"800\" height=\"550\" data-src=\"https:\/\/saboresmendoza.com\/barcelona\/wp-content\/uploads\/2025\/08\/Chef-A-Domicilio-en-Barcelona.jpg\" class=\"attachment-large size-large wp-post-image lazyload\" alt=\"Chef Privado a Domicilio en Barcelona | Sabores Mendoza\" data-srcset=\"https:\/\/saboresmendoza.com\/barcelona\/wp-content\/uploads\/2025\/08\/Chef-A-Domicilio-en-Barcelona.jpg 800w, https:\/\/saboresmendoza.com\/barcelona\/wp-content\/uploads\/2025\/08\/Chef-A-Domicilio-en-Barcelona-600x413.jpg 600w, https:\/\/saboresmendoza.com\/barcelona\/wp-content\/uploads\/2025\/08\/Chef-A-Domicilio-en-Barcelona-300x206.jpg 300w, https:\/\/saboresmendoza.com\/barcelona\/wp-content\/uploads\/2025\/08\/Chef-A-Domicilio-en-Barcelona-768x528.jpg 768w\" data-sizes=\"(max-width: 800px) 100vw, 800px\" src=\"data:image\/svg+xml;base64,PHN2ZyB3aWR0aD0iMSIgaGVpZ2h0PSIxIiB4bWxucz0iaHR0cDovL3d3dy53My5vcmcvMjAwMC9zdmciPjwvc3ZnPg==\" style=\"--smush-placeholder-width: 800px; --smush-placeholder-aspect-ratio: 800\/550;\" \/>                                        <h3>\u00bfCu\u00e1nto cuesta un Chef a Domicilio?<\/h3>\n                <\/a>\n\n                <p>Contratar un chef a domicilio en Barcelona se ha convertido en una tendencia para celebraciones privadas, cenas exclusivas o eventos...<\/p>\n\n                <a class=\"btn-minimal\" href=\"https:\/\/saboresmendoza.com\/barcelona\/chef-privado-en-barcelona\/cuanto-cuesta-un-chef-a-domicilio-en-barcelona\/\">Leer m\u00e1s<\/a>\n            <\/div>\n                    <div class=\"entrada-box\">\n                <a href=\"https:\/\/saboresmendoza.com\/barcelona\/alimentacion-integral-en-barcelona\/servicio-culinario-integral-en-barcelona\/\">\n                                            <img decoding=\"async\" width=\"1000\" height=\"1000\" data-src=\"https:\/\/saboresmendoza.com\/barcelona\/wp-content\/uploads\/2025\/08\/la-vuelta-al-mundo-en-7-dias.jpg\" class=\"attachment-large size-large wp-post-image lazyload\" alt=\"\" data-srcset=\"https:\/\/saboresmendoza.com\/barcelona\/wp-content\/uploads\/2025\/08\/la-vuelta-al-mundo-en-7-dias.jpg 1000w, https:\/\/saboresmendoza.com\/barcelona\/wp-content\/uploads\/2025\/08\/la-vuelta-al-mundo-en-7-dias-300x300.jpg 300w, https:\/\/saboresmendoza.com\/barcelona\/wp-content\/uploads\/2025\/08\/la-vuelta-al-mundo-en-7-dias-150x150.jpg 150w, https:\/\/saboresmendoza.com\/barcelona\/wp-content\/uploads\/2025\/08\/la-vuelta-al-mundo-en-7-dias-768x768.jpg 768w, https:\/\/saboresmendoza.com\/barcelona\/wp-content\/uploads\/2025\/08\/la-vuelta-al-mundo-en-7-dias-600x600.jpg 600w, https:\/\/saboresmendoza.com\/barcelona\/wp-content\/uploads\/2025\/08\/la-vuelta-al-mundo-en-7-dias-100x100.jpg 100w, https:\/\/saboresmendoza.com\/barcelona\/wp-content\/uploads\/2025\/08\/la-vuelta-al-mundo-en-7-dias-50x50.jpg 50w\" data-sizes=\"(max-width: 1000px) 100vw, 1000px\" src=\"data:image\/svg+xml;base64,PHN2ZyB3aWR0aD0iMSIgaGVpZ2h0PSIxIiB4bWxucz0iaHR0cDovL3d3dy53My5vcmcvMjAwMC9zdmciPjwvc3ZnPg==\" style=\"--smush-placeholder-width: 1000px; --smush-placeholder-aspect-ratio: 1000\/1000;\" \/>                                        <h3>Alimentaci\u00f3n Integral en Barcelona<\/h3>\n                <\/a>\n\n                <p>Men\u00fas Personalizados y Creativos para Celebraciones Exclusivas La personalizaci\u00f3n es la clave para hacer que cualquier celebraci\u00f3n en Barcelona sea...<\/p>\n\n                <a class=\"btn-minimal\" href=\"https:\/\/saboresmendoza.com\/barcelona\/alimentacion-integral-en-barcelona\/servicio-culinario-integral-en-barcelona\/\">Leer m\u00e1s<\/a>\n            <\/div>\n                    <\/div>\n\n    <\/div>\n\t\t\t\t\t\t<\/div>\n\t\t\t\t\t<\/div>\n\t\t\t\t<\/div>\n\t\t\t\t<\/div>\n\t\t","protected":false},"excerpt":{"rendered":"<p>Experiencias Gastron\u00f3micas \u00danicas Chef Privado, Meal Preap y Catering para Eventos Disfruta de servicios gastron\u00f3micos exclusivos en Barcelona, dise\u00f1ados a medida para cada ocasi\u00f3n. Contrata un chef privado a domicilio, ideal para cenas privadas, celebraciones especiales o experiencias gourmet en casa. Planifica tu semana con nuestro meal prep saludable con entrega r\u00e1pida o elige nuestro&hellip;&nbsp;<\/p>\n","protected":false},"author":1,"featured_media":0,"parent":0,"menu_order":0,"comment_status":"closed","ping_status":"closed","template":"","meta":{"neve_meta_sidebar":"","neve_meta_container":"","neve_meta_enable_content_width":"","neve_meta_content_width":0,"neve_meta_title_alignment":"","neve_meta_author_avatar":"","neve_post_elements_order":"","neve_meta_disable_header":"","neve_meta_disable_footer":"","neve_meta_disable_title":"on","footnotes":""},"class_list":["post-286","page","type-page","status-publish","hentry"],"_links":{"self":[{"href":"https:\/\/saboresmendoza.com\/barcelona\/wp-json\/wp\/v2\/pages\/286","targetHints":{"allow":["GET"]}}],"collection":[{"href":"https:\/\/saboresmendoza.com\/barcelona\/wp-json\/wp\/v2\/pages"}],"about":[{"href":"https:\/\/saboresmendoza.com\/barcelona\/wp-json\/wp\/v2\/types\/page"}],"author":[{"embeddable":true,"href":"https:\/\/saboresmendoza.com\/barcelona\/wp-json\/wp\/v2\/users\/1"}],"replies":[{"embeddable":true,"href":"https:\/\/saboresmendoza.com\/barcelona\/wp-json\/wp\/v2\/comments?post=286"}],"version-history":[{"count":145,"href":"https:\/\/saboresmendoza.com\/barcelona\/wp-json\/wp\/v2\/pages\/286\/revisions"}],"predecessor-version":[{"id":1396,"href":"https:\/\/saboresmendoza.com\/barcelona\/wp-json\/wp\/v2\/pages\/286\/revisions\/1396"}],"wp:attachment":[{"href":"https:\/\/saboresmendoza.com\/barcelona\/wp-json\/wp\/v2\/media?parent=286"}],"curies":[{"name":"wp","href":"https:\/\/api.w.org\/{rel}","templated":true}]}}